{"id":671,"date":"2025-07-29T05:56:01","date_gmt":"2025-07-29T05:56:01","guid":{"rendered":"https:\/\/robotics.colegiolossamanes.edu.co\/?page_id=671"},"modified":"2025-07-30T15:21:58","modified_gmt":"2025-07-30T15:21:58","slug":"la-mascota-mas-feliz-del-mundo","status":"publish","type":"page","link":"https:\/\/robotics.colegiolossamanes.edu.co\/index.php\/la-mascota-mas-feliz-del-mundo\/","title":{"rendered":"La mascota m\u00e1s feliz del mundo"},"content":{"rendered":"\n<h1 class=\"wp-block-heading\">La mascota m\u00e1s feliz del mundo<\/h1>\n\n\n\n<p>En el planeta ficticio <strong>Luminia<\/strong>, habitan los <strong>Dodus<\/strong>, unas simp\u00e1ticas aves que necesitaban una soluci\u00f3n para entrar y salir de sus hogares con mayor seguridad. Frente a este reto, los estudiantes de cuarto grado asumieron la misi\u00f3n de dise\u00f1ar una <strong>puerta autom\u00e1tica<\/strong> que hiciera felices a sus nuevas mascotas intergal\u00e1cticas.<\/p>\n\n\n\n<p>El proyecto combin\u00f3 imaginaci\u00f3n y tecnolog\u00eda: se utiliz\u00f3 la placa <strong>micro:bit<\/strong>, sensores de movimiento, motorreductores, un controlador de motor y conexiones mediante cables jumper y caim\u00e1n. El prototipo fue dise\u00f1ado en 3D e impreso como una peque\u00f1a caseta para aves, con un sistema funcional de apertura autom\u00e1tica.<\/p>\n\n\n\n<p>La programaci\u00f3n se desarroll\u00f3 en <strong>MakeCode<\/strong>, donde los estudiantes crearon bloques de c\u00f3digo que detectaban el movimiento y activaban el motor de forma precisa. M\u00e1s all\u00e1 de construir un modelo, esta experiencia integr\u00f3 dise\u00f1o, electr\u00f3nica, l\u00f3gica y mucha creatividad.<\/p>\n\n\n\n<p><strong>\u00a1Una aventura tecnol\u00f3gica que dej\u00f3 a todos los Dodus&#8230; felices!<\/strong> \ud83d\udc24<\/p>\n\n\n\n<p><\/p>\n","protected":false},"excerpt":{"rendered":"<p>La mascota m\u00e1s feliz del mundo En el planeta ficticio Luminia, habitan los Dodus, unas simp\u00e1ticas aves que necesitaban una soluci\u00f3n para entrar y salir de sus hogares con mayor&#8230;<\/p>\n","protected":false},"author":7,"featured_media":0,"parent":0,"menu_order":0,"comment_status":"closed","ping_status":"closed","template":"","meta":{"_kadence_starter_templates_imported_post":false,"_kad_post_transparent":"","_kad_post_title":"","_kad_post_layout":"","_kad_post_sidebar_id":"","_kad_post_content_style":"","_kad_post_vertical_padding":"","_kad_post_feature":"","_kad_post_feature_position":"","_kad_post_header":false,"_kad_post_footer":false,"footnotes":""},"class_list":["post-671","page","type-page","status-publish","hentry"],"_links":{"self":[{"href":"https:\/\/robotics.colegiolossamanes.edu.co\/index.php\/wp-json\/wp\/v2\/pages\/671","targetHints":{"allow":["GET"]}}],"collection":[{"href":"https:\/\/robotics.colegiolossamanes.edu.co\/index.php\/wp-json\/wp\/v2\/pages"}],"about":[{"href":"https:\/\/robotics.colegiolossamanes.edu.co\/index.php\/wp-json\/wp\/v2\/types\/page"}],"author":[{"embeddable":true,"href":"https:\/\/robotics.colegiolossamanes.edu.co\/index.php\/wp-json\/wp\/v2\/users\/7"}],"replies":[{"embeddable":true,"href":"https:\/\/robotics.colegiolossamanes.edu.co\/index.php\/wp-json\/wp\/v2\/comments?post=671"}],"version-history":[{"count":4,"href":"https:\/\/robotics.colegiolossamanes.edu.co\/index.php\/wp-json\/wp\/v2\/pages\/671\/revisions"}],"predecessor-version":[{"id":736,"href":"https:\/\/robotics.colegiolossamanes.edu.co\/index.php\/wp-json\/wp\/v2\/pages\/671\/revisions\/736"}],"wp:attachment":[{"href":"https:\/\/robotics.colegiolossamanes.edu.co\/index.php\/wp-json\/wp\/v2\/media?parent=671"}],"curies":[{"name":"wp","href":"https:\/\/api.w.org\/{rel}","templated":true}]}}